g**2 - 1. Let o = 8 + -5. Suppose -2*r = r - o. List the prime factors of t(r).
19
Let q = -11 - -15. Suppose -6*u - 13 = z - u, 23 = q*z + 5*u. List the prime factors of z.
2, 3
Let q = 143 - 67. Let l = q - -4. What are the prime factors of l?
2, 5
Suppose -3*u + 3*q + 6051 = 0, -66*u - 2*q = -64*u - 4042. List the prime factors of u.
3, 673
Suppose -18*h + 1792 = -6758. What are the prime factors of h?
5, 19
Suppose 0 = -3*c - 2*n + 4586, 2*c - 3488 = 4*n - 420. What are the prime factors of c?
2, 3, 5, 17
Let c(d) = d**2 + 8*d + 9. Let n be c(-7). Let x(t) = 7*t**2 - t**2 + 2*t - 2 + 7*t**2 - 5*t**n. What are the prime factors of x(-2)?
2, 13
Let y(o) = -o + 5. Let h be y(5). Let q = -36 - -46. Suppose h = 5*m - q, 4*d + 4*m - 57 = 55. What are the prime factors of d?
2, 13
Let d = 2 + 1. Suppose -5*s + z = 310, 0 = -d*z + z. List the prime factors of (s/(-5))/(13/65).
2, 31
Suppose -41 + 13 = -2*h. Suppose u - 4 = -h. List the prime factors of (-2)/(-6) - u/6.
2
Let y(a) be the first derivative of -3*a**2/2 - 3*a - 3. Let x be y(4). List the prime factors of 1*x*(-10)/6.
5
Suppose -3 - 13 = -2*b. Suppose 0 = 9*f - b*f - 24. Suppose -5*r = -4*m + f, 2*r + 3*r + 12 = 2*m. List the prime factors of m.
2, 3
Suppose -256*h = -261*h + 1745. List the prime factors of h.
349
Let z(c) be the second derivative of c**6/360 - c**4/24 - 2*c**3/3 - 8*c. Let m(f) be the second derivative of z(f). What are the prime factors of m(-5)?
2, 3
Suppose 5*q = 9*q - 8. Suppose -6*d + q*d = -136. Let o = 77 - d. List the prime factors of o.
43
Suppose x = 1 + 7. List the prime factors of 294/x - 7/(-28).
37
Suppose -2*c - 3*n + 684 = c, -c + 223 = 2*n. List the prime factors of c.
233
Suppose 4*i - 36 = -2*r, 5*r + 7 = 5*i - 8. Suppose i*s - 280 - 231 = 0. List the prime factors of s.
73
Let u(v) = 14*v - 17 + 11 - 9*v. Suppose -4*s + 23 - 7 = 0. List the prime factors of u(s).
2, 7
Let s(g) = -g**3 + 16*g**2 + 5*g - 47. What are the prime factors of s(11)?
613
Let p be (7/(-21))/(1/(-147)). Let t be (-16)/40 + 166/(-10)*1. Let o = p + t. What are the prime factors of o?
2
Let f(l) = -2*l**3 - l**2 + 4*l + 3. Suppose -z = x - 4, 4 = 4*x - 5*x + z. What are the prime factors of f(x)?
3
List the prime factors of (26 - 1)/((2/92)/1).
2, 5, 23
Let d(r) = 5*r**2 + 64*r - 34. List the prime factors of d(17).
3, 7, 17
Suppose -25327 = -5*g + h, 0 = -2*g + g + 4*h + 5054. What are the prime factors of g?
2, 17, 149
Suppose 15*a = 1843 - 358. List the prime factors of a.
3, 11
Let q(i) be the third derivative of -i**5/60 + i**4/12 + 131*i**3/6 + 23*i**2. List the prime factors of q(0).
131
Suppose -12 = -4*l + l. Let b be (15 + -3)/((-9)/(-12)). Suppose 0*t = -l*t + b. What are the prime factors of t?
2
Let n = -43 + 21. Let i = n + 28. What are the prime factors of i?
2, 3
Suppose 0 = 2*s - 5*s - 480. Let c = -101 - s. List the prime factors of c.
59
Let i = 1623 + -1094. List the prime factors of i.
23
Suppose -106*w = -109*w. Suppose -2*f - 143 = -5*s - w*f, 3*s + 2*f - 89 = 0. List the prime factors of s.
29
Let t(c) be the third derivative of -c**6/120 + 3*c**5/20 - c**4/2 + 10*c**3/3 - 16*c**2. What are the prime factors of t(6)?
2, 7
Let h be 12/(-6) - (-1 + -5). Suppose 2 + 2 = -h*c. List the prime factors of (-1)/(c/(-1)) + 20.
19
Suppose -4*w + 2804 = -4*o, 3*w + 3500 = 8*w - 4*o. What are the prime factors of w?
2, 3, 29
What are the prime factors of 2 - 6702/(6/(-1))?
3, 373
Let h(t) be the third derivative of t**4/8 - 4*t**3/3 + t**2. Suppose 5*v = 2*z - 29, 0 = 2*z - 0*v + v - 11. List the prime factors of h(z).
13
Suppose -2*u - 2*u + 55 = -d, 4*u - 4*d - 64 = 0. Let r = 17 - u. Suppose -v - 293 = -r*n, 0*v - 6 = -2*v. List the prime factors of n.
2, 37
Let j be ((-6)/(-4))/((-5)/(-10)). Suppose q = -j, 0 = -0*h - 2*h + 4*q + 74. What are the prime factors of h?
31
Let q = -56 - -52. What are the prime factors of (-23)/((-6)/(-12)*q/18)?
3, 23
Let k(d) = -163*d - 464. List the prime factors of k(-24).
2, 431
Let m = 27 - 27. Suppose -4 = -4*g + 4. Suppose -g*i = 2*b - 21 - 97, -4*b + 4*i + 268 = m. What are the prime factors of b?
3, 7
Suppose -373 = -2*o + 707. What are the prime factors of o?
2, 3, 5
Let x be 4/18 - 125/(-45). Suppose -x*n + 112 = -200. Suppose s - 5*d - 3 = 0, 4*s - d - n = -4*d. List the prime factors of s.
23
Let x = -2 + 6. Suppose x = 2*h - 6. Suppose 0 = -d - h + 27. What are the prime factors of d?
2, 11
Suppose -9 = -a - 5*z, 8*a = 4*a + 3*z + 13. Suppose 2*f - 86 = -u, 4*f - 3*f + a*u - 29 = 0. What are the prime factors of f?
3, 5
Suppose o - 2*m + 138 - 1263 = 0, 3*m + 3 = 0. What are the prime factors of o?
1123
Let b = -105 - -119. What are the prime factors of b/(-161) - (-3682)/23?
2, 5
Let v(f) = f**2 - 4*f - 17. Let b be v(7). Suppose -2*r + b = -6. List the prime factors of r.
5
Let y(c) = -c**2 + 2*c + 6. Let w be (0 - 0)*(-3)/6. Suppose w = -0*a + a. List the prime factors of y(a).
2, 3
Let w(o) = 575*o + 36. List the prime factors of w(1).
13, 47
Let t be 1/((-4)/8) + -3. Let c be -1 + (-1 - t) + -5. What are the prime factors of 11 - c/(-2 + 3)?
13
Let o(r) = r**3 - 8*r**2 + 6*r + 9. Let l be o(7). Suppose 61 + 87 = l*z - 2*c, -5*z = 2*c - 342. What are the prime factors of z?
2, 5, 7
Let s = -748 + 1293. List the prime factors of s.
5, 109
Let b(i) = -12*i**3 - 5*i**2 - 5*i - 1. Suppose -4*t + y = 10, -4*t + 2 = -3*t + 2*y. What are the prime factors of b(t)?
5, 17
Suppose -3*s = 2*s - 10. Suppose -s*j + 9 = -5*b, -7*j + 4*b = -2*j - 65. List the prime factors of j.
17
Suppose 4*k + 2*n - 394 = 0, 5*k = 8*k - 4*n - 290. Let r = 175 - k. List the prime factors of r.
7, 11
Let h be (3/1)/(11/8 - 1). List the prime factors of 0/h + 110*1.
2, 5, 11
Let y(u) = u**3 - 11*u**2. Let p be y(11). Suppose -4*o = -4*c - 320, p*c - 3*c = 5*o - 440. What are the prime factors of o?
5, 17
Suppose -3*h - 853 = -2*l + 266, h = 3*l - 1696. List the prime factors of l.
3, 7
Let i = 1448 - 517. What are the prime factors of i?
7, 19
What are the prime factors of 9/((-135)/(-3372)) + 1/5?
3, 5
Suppose -28 = -4*w + 108. Let p = w - 19. List the prime factors of p.
3, 5
Let r(s) be the second derivative of -s**6/120 - 7*s**5/60 - s**4/12 - 5*s**2 + 10*s. Let z(q) be the first derivative of r(q). List the prime factors of z(-7).
2, 7
Suppose 16*g - 8425 = 11*g. List the prime factors of g.
5, 337
Let n = 1509 + -577. List the prime factors of n.
2, 233
Suppose 68 = -4*f + 16. Let r(g) = g**2 + 8*g - 19. List the prime factors of r(f).
2, 23
Suppose 23*j = -3*c + 22*j + 802, -2*j + 264 = c. What are the prime factors of c?
2, 67
Let v = -36 + 36. Suppose 0 = -3*f + 5*x + 106, -3*f + 2*x = -v*x - 91. What are the prime factors of f?
3
Suppose -r = 5*j - 370, 2*j + 267 = 6*j - 5*r. What are the prime factors of j?
73
Let f be 1*6*(-84)/36. List the prime factors of (94/3)/(f/(-21)).
47
Let z = -120 + 31. Let o = -13 - z. What are the prime factors of o?
2, 19
List the prime factors of (-7 - (-6162)/18)*(-6)/(-4).
503
Suppose b = -0*b + 38. Suppose -a = -b - 2. What are the prime factors of a?
2, 5
Suppose -5*j + 5*o + 515 = 0, j - 4*o = -4*j + 517. What are the prime factors of (5/(j/(-72)))/(1/(-7))?
2, 3
Let p(x) be the second derivative of x**5/20 + 13*x**4/12 - x**3/2 - 7*x**2 + 18*x. List the prime factors of p(-12).
2, 83
What are the prime factors of ((-40)/(-8) + 1317)/1?
2, 661
Let q = -89 + 93. Suppose -q*s = 20, -b = 4*s - 7 - 3. What are the prime factors of b?
2, 3, 5
Let y(u) = -3*u**3 + u + 1. Let d be y(-1). Suppose i - 426 = -3*i - 2*n, 3*i - 330 = -5*n. Suppose -8*p + d*p + i = 0. List the prime factors of p.
3, 7
Let p(x) = x**3 + x**2 - 3*x + 1. Let n be p(-2). Suppose 115 = i + 3*y, -116 = 3*i + n*y - 485. List the prime factors of i.
127
Let p = 55 + 1223. List the prime factors of p.
2, 3, 71
Suppose 0 = -6*d + 5 + 7. Let n be (-2 + d)*1/(-1). List the prime factors of 1/(n + 2/46).
23
Let l = 17 - -11. What are the prime factors of ((-21)/l)/(2/(-88))?
3, 11
Let k = -10 + 115. Let f = k - 74. Let v = -25 + f. List the prime factors of v.
2, 3
Let o = 2392 - -1284. What are the prime factors of o?
2, 919
Let t = 1530 + -970. List the prime factors of t.
2, 5, 7
Let c be (-298)/(-1 - (4 - 3)). Suppose 3*y - 172 = c.